{"id":669,"date":"2021-11-09T10:53:55","date_gmt":"2021-11-09T10:53:55","guid":{"rendered":"https:\/\/dev.marksite.es\/stem\/?page_id=669"},"modified":"2021-11-12T09:29:18","modified_gmt":"2021-11-12T09:29:18","slug":"recursos-educatiu-gratuits","status":"publish","type":"page","link":"https:\/\/www.fundaciobit.org\/stem\/recursos-educatiu-gratuits\/","title":{"rendered":"Recursos educatiu gratu\u00efts"},"content":{"rendered":"<p>[et_pb_section fb_built=\u00bb1&#8243; _builder_version=\u00bb4.7.7&#8243; _module_preset=\u00bbdefault\u00bb background_color=\u00bb#ebf6fa\u00bb custom_padding=\u00bb40px||0px|||\u00bb da_disable_devices=\u00bboff|off|off\u00bb global_colors_info=\u00bb{}\u00bb da_is_popup=\u00bboff\u00bb da_exit_intent=\u00bboff\u00bb da_has_close=\u00bbon\u00bb da_alt_close=\u00bboff\u00bb da_dark_close=\u00bboff\u00bb da_not_modal=\u00bbon\u00bb da_is_singular=\u00bboff\u00bb da_with_loader=\u00bboff\u00bb da_has_shadow=\u00bbon\u00bb][et_pb_row _builder_version=\u00bb4.7.7&#8243; _module_preset=\u00bbdefault\u00bb custom_padding=\u00bb0px|||||\u00bb global_colors_info=\u00bb{}\u00bb][et_pb_column type=\u00bb4_4&#8243; _builder_version=\u00bb4.7.7&#8243; _module_preset=\u00bbdefault\u00bb global_colors_info=\u00bb{}\u00bb][et_pb_text _builder_version=\u00bb4.13.0&#8243; _module_preset=\u00bbdefault\u00bb text_font_size=\u00bb50px\u00bb text_line_height=\u00bb1.3em\u00bb header_font=\u00bb|700|||||||\u00bb header_text_align=\u00bbleft\u00bb header_text_color=\u00bb#000000&#8243; header_font_size=\u00bb75px\u00bb width=\u00bb100%\u00bb width_tablet=\u00bb83%\u00bb width_phone=\u00bb83%\u00bb width_last_edited=\u00bbon|phone\u00bb custom_margin=\u00bb||31px|||\u00bb custom_padding=\u00bb28px|||||\u00bb header_font_size_tablet=\u00bb55px\u00bb header_font_size_phone=\u00bb35px\u00bb header_font_size_last_edited=\u00bbon|tablet\u00bb locked=\u00bboff\u00bb global_colors_info=\u00bb{}\u00bb]<\/p>\n<h1><strong>Recursos educatiu gratu\u00efts<\/strong><\/h1>\n<p>[\/et_pb_text][\/et_pb_column][\/et_pb_row][\/et_pb_section][et_pb_section fb_built=\u00bb1&#8243; module_id=\u00bbvideo\u00bb _builder_version=\u00bb4.7.7&#8243; _module_preset=\u00bbdefault\u00bb background_color=\u00bb#eb5c67&#8243; background_enable_image=\u00bboff\u00bb parallax=\u00bbon\u00bb z_index=\u00bb10&#8243; custom_padding=\u00bb75px||75px||true|\u00bb da_disable_devices=\u00bboff|off|off\u00bb locked=\u00bboff\u00bb global_colors_info=\u00bb{}\u00bb da_is_popup=\u00bboff\u00bb da_exit_intent=\u00bboff\u00bb da_has_close=\u00bbon\u00bb da_alt_close=\u00bboff\u00bb da_dark_close=\u00bboff\u00bb da_not_modal=\u00bbon\u00bb da_is_singular=\u00bboff\u00bb da_with_loader=\u00bboff\u00bb da_has_shadow=\u00bbon\u00bb][et_pb_row _builder_version=\u00bb4.7.7&#8243; _module_preset=\u00bbdefault\u00bb global_colors_info=\u00bb{}\u00bb][et_pb_column type=\u00bb4_4&#8243; _builder_version=\u00bb4.7.7&#8243; _module_preset=\u00bbdefault\u00bb global_colors_info=\u00bb{}\u00bb][et_pb_text _builder_version=\u00bb4.13.0&#8243; _module_preset=\u00bbdefault\u00bb text_text_color=\u00bb#ffffff\u00bb text_font_size=\u00bb40px\u00bb text_line_height=\u00bb1.1em\u00bb ul_font_size=\u00bb30px\u00bb ul_line_height=\u00bb1.1em\u00bb header_font=\u00bb||||||||\u00bb header_text_align=\u00bbleft\u00bb header_text_color=\u00bb#000000&#8243; header_font_size=\u00bb70px\u00bb header_2_font=\u00bb|700|||||||\u00bb header_2_text_color=\u00bb#ffffff\u00bb header_2_font_size=\u00bb65px\u00bb custom_margin=\u00bb||29px|||\u00bb text_font_size_tablet=\u00bb30px\u00bb text_font_size_phone=\u00bb20px\u00bb text_font_size_last_edited=\u00bbon|phone\u00bb ul_font_size_tablet=\u00bb30px\u00bb ul_font_size_phone=\u00bb20px\u00bb ul_font_size_last_edited=\u00bbon|phone\u00bb locked=\u00bboff\u00bb global_colors_info=\u00bb{}\u00bb width__hover_enabled=\u00bbon|desktop\u00bb]<\/p>\n<p>Objectius<\/p>\n<p>&#8211; Trencar estereotips femenins al voltant de la Ci\u00e8ncia, la Tecnologia, l&#8217;Enginyeria<br \/>i les Matem\u00e0tiques.<\/p>\n<p>&#8211; Donar visibilitat a dones cient\u00edfiques del passat i del present per a motivar<br \/>a les cient\u00edfiques del futur.<\/p>\n<p>&#8211; Promoure la reflexi\u00f3 sobre els estereotips de g\u00e8nere associats a llocs de treball<br \/>que tradicionalment han estat masculinitzats.<\/p>\n<p>&#8211; Donar visibilitat a la feina que es realitza en l&#8217;\u00e0mbit de la investigaci\u00f3<br \/>cient\u00edfica.<\/p>\n<p>&#8211; Facilitar un recurs educatiu per al seu \u00fas a l&#8217;aula que ajudi a la<br \/>consecuci\u00f3 d&#8217;aquests objectius.<\/p>\n<p>&nbsp;<\/p>\n<ul>\n<li><strong><a href=\"https:\/\/3er1viui9wo30pkxh1v2nh4w-wpengine.netdna-ssl.com\/wp-content\/uploads\/prod\/sites\/61\/2019\/04\/Microsoft-Juego-Make-Whats-Next-2019.pdf\" target=\"_blank\" rel=\"noopener\">Joc de taula fet per Microsoft<\/a> <\/strong>per con\u00e8ixer m\u00e9s referents de dones a la ciencia.<strong><a href=\"https:\/\/3er1viui9wo30pkxh1v2nh4w-wpengine.netdna-ssl.com\/wp-content\/uploads\/prod\/sites\/61\/2019\/04\/Microsoft-Juego-Make-Whats-Next-2019.pdf\"><\/a><\/strong><\/li>\n<li><strong><a href=\"https:\/\/seras.uib.cat\/ciencia\/experiments_casa\/\" target=\"_blank\" rel=\"noopener\">Demolab Virtual de la UIB<\/a> <\/strong>per fer experiments cient\u00edfics a casa o a la aules.<strong><\/strong><\/li>\n<li><strong><a href=\"\/\/institucional.us.es\/cientificas\/wp-content\/uploads\/2021\/05\/Gui%CC%81a_dida%CC%81ctica.pdf\" target=\"_blank\" rel=\"noopener\">C\u00f2mic i guia did\u00e0ctica<\/a>,<\/strong> disponible en castell\u00e0 i angl\u00e8s.<strong><a href=\"http:\/\/institucional.us.es\/cientificas\/wp-content\/uploads\/2021\/05\/Gui%CC%81a_dida%CC%81ctica.pdf\"><\/a><\/strong><\/li>\n<\/ul>\n<p>[\/et_pb_text][\/et_pb_column][\/et_pb_row][\/et_pb_section]<\/p>\n","protected":false},"excerpt":{"rendered":"<p>Recursos educatiu gratu\u00eftsObjectius &#8211; Trencar estereotips femenins al voltant de la Ci\u00e8ncia, la Tecnologia, l&#8217;Enginyeriai les Matem\u00e0tiques. &#8211; Donar visibilitat a dones cient\u00edfiques del passat i del present per a motivara les cient\u00edfiques del futur. &#8211; Promoure la reflexi\u00f3 sobre els estereotips de g\u00e8nere associats a llocs de treballque tradicionalment han estat masculinitzats. &#8211; Donar [&hellip;]<\/p>\n","protected":false},"author":1,"featured_media":0,"parent":0,"menu_order":0,"comment_status":"closed","ping_status":"closed","template":"","meta":{"_et_pb_use_builder":"on","_et_pb_old_content":"","_et_gb_content_width":"","footnotes":""},"class_list":["post-669","page","type-page","status-publish","hentry"],"_links":{"self":[{"href":"https:\/\/www.fundaciobit.org\/stem\/wp-json\/wp\/v2\/pages\/669","targetHints":{"allow":["GET"]}}],"collection":[{"href":"https:\/\/www.fundaciobit.org\/stem\/wp-json\/wp\/v2\/pages"}],"about":[{"href":"https:\/\/www.fundaciobit.org\/stem\/wp-json\/wp\/v2\/types\/page"}],"author":[{"embeddable":true,"href":"https:\/\/www.fundaciobit.org\/stem\/wp-json\/wp\/v2\/users\/1"}],"replies":[{"embeddable":true,"href":"https:\/\/www.fundaciobit.org\/stem\/wp-json\/wp\/v2\/comments?post=669"}],"version-history":[{"count":5,"href":"https:\/\/www.fundaciobit.org\/stem\/wp-json\/wp\/v2\/pages\/669\/revisions"}],"predecessor-version":[{"id":818,"href":"https:\/\/www.fundaciobit.org\/stem\/wp-json\/wp\/v2\/pages\/669\/revisions\/818"}],"wp:attachment":[{"href":"https:\/\/www.fundaciobit.org\/stem\/wp-json\/wp\/v2\/media?parent=669"}],"curies":[{"name":"wp","href":"https:\/\/api.w.org\/{rel}","templated":true}]}}